{"id":55,"date":"2024-05-21T09:09:15","date_gmt":"2024-05-21T07:09:15","guid":{"rendered":"https:\/\/2024-09-16.schlossberg-regenstauf.com\/?page_id=55"},"modified":"2024-08-17T11:46:38","modified_gmt":"2024-08-17T09:46:38","slug":"aktuelles","status":"publish","type":"page","link":"https:\/\/2024-09-16.schlossberg-regenstauf.com\/?page_id=55","title":{"rendered":"\u00dcber uns"},"content":{"rendered":"\n<figure class=\"wp-block-image size-full is-resized\"><img loading=\"lazy\" decoding=\"async\" width=\"480\" height=\"270\" src=\"https:\/\/2024-09-16.schlossberg-regenstauf.com\/wp-content\/uploads\/2024\/08\/schlossberg_christian_6745_24.jpg\" alt=\"\" class=\"wp-image-139\" style=\"width:316px;height:auto\" srcset=\"https:\/\/2024-09-16.schlossberg-regenstauf.com\/wp-content\/uploads\/2024\/08\/schlossberg_christian_6745_24.jpg 480w, https:\/\/2024-09-16.schlossberg-regenstauf.com\/wp-content\/uploads\/2024\/08\/schlossberg_christian_6745_24-300x169.jpg 300w\" sizes=\"auto, (max-width: 480px) 100vw, 480px\" \/><\/figure>\n\n\n\n<p><br>\u00dcber Stationen als K\u00fcchenchef in Landshut, M\u00fcnchen und Idar-Oberstein verschlug es mich zum <strong>Restaurant am Golfplatz<\/strong> in Kirschweiler, in dem ich als K\u00fcchenchef und stellvertretender Gesch\u00e4ftsf\u00fchrer besch\u00e4ftigt war. Danach war ich als K\u00fcchenchef im <strong>Cafe Chocolat<\/strong> in Landshut angestellt bevor ich ins <strong>Cafe &amp; Restaurant \u201eAm Schlossberg\u201c<\/strong> zuerst als K\u00fcchenchef arbeitete, dann 2017 als selbstst\u00e4ndiger P\u00e4chter das Restaurant \u00fcbernahm.<br>Zusammen mit <strong>Carmen &amp; meinem netten Team<\/strong> hei\u00dfen wir euch auf dem Schlossberg <strong>herzlich willkommen<\/strong>!<\/p>\n\n\n\n<div class=\"wp-block-jetpack-tiled-gallery aligncenter is-style-rectangular\"><div class=\"\"><div class=\"tiled-gallery__gallery\"><div class=\"tiled-gallery__row\"><div class=\"tiled-gallery__col\" style=\"flex-basis:44.70649%\"><figure class=\"tiled-gallery__item\"><img decoding=\"async\" alt=\"\" data-height=\"1428\" data-id=\"174\" data-link=\"https:\/\/2024-09-16.schlossberg-regenstauf.com\/?attachment_id=174\" data-url=\"https:\/\/2024-09-16.schlossberg-regenstauf.com\/wp-content\/uploads\/2024\/08\/schlossberg_team_23-03-1024x914.jpg\" data-width=\"1600\" src=\"https:\/\/i1.wp.com\/schlossberg.xn--grafikbro-wiedenhofer-fic.de\/wp-content\/uploads\/2024\/08\/schlossberg_team_23-03-1024x914.jpg?ssl=1\" data-amp-layout=\"responsive\" tabindex=\"0\" role=\"button\" aria-label=\"Bild\u00a01 von 3 im Vollbildmodus \u00f6ffnen\"\/><\/figure><figure class=\"tiled-gallery__item\"><img decoding=\"async\" alt=\"\" data-height=\"1200\" data-id=\"167\" data-link=\"https:\/\/2024-09-16.schlossberg-regenstauf.com\/?attachment_id=167\" data-url=\"https:\/\/2024-09-16.schlossberg-regenstauf.com\/wp-content\/uploads\/2024\/08\/schlossberg_team_23-02-1024x768.jpg\" data-width=\"1600\" src=\"https:\/\/i2.wp.com\/schlossberg.xn--grafikbro-wiedenhofer-fic.de\/wp-content\/uploads\/2024\/08\/schlossberg_team_23-02-1024x768.jpg?ssl=1\" data-amp-layout=\"responsive\" tabindex=\"0\" role=\"button\" aria-label=\"Bild\u00a02 von 3 im Vollbildmodus \u00f6ffnen\"\/><\/figure><\/div><div class=\"tiled-gallery__col\" style=\"flex-basis:55.29351%\"><figure class=\"tiled-gallery__item\"><img decoding=\"async\" alt=\"\" data-height=\"2000\" data-id=\"168\" data-link=\"https:\/\/2024-09-16.schlossberg-regenstauf.com\/?attachment_id=168\" data-url=\"https:\/\/2024-09-16.schlossberg-regenstauf.com\/wp-content\/uploads\/2024\/08\/schlossberg_team_23-01-768x1024.jpg\" data-width=\"1500\" src=\"https:\/\/i2.wp.com\/schlossberg.xn--grafikbro-wiedenhofer-fic.de\/wp-content\/uploads\/2024\/08\/schlossberg_team_23-01-768x1024.jpg?ssl=1\" data-amp-layout=\"responsive\" tabindex=\"0\" role=\"button\" aria-label=\"Bild\u00a03 von 3 im Vollbildmodus \u00f6ffnen\"\/><\/figure><\/div><\/div><\/div><\/div><\/div>\n\n\n\n<p><strong>VITA:<\/strong><\/p>\n\n\n\n<p><strong>seit 01\/17: <\/strong>Cafe Restaurant \u201eAm Schlossberg\u201c \/ Regenstauf (Selbstst\u00e4ndig)<br><strong>04\/15 &#8211; 12\/16:<\/strong> Cafe Restaurant \u201eAm Schlossberg\u201c \/ Regenstauf (K\u00fcchenchef)<br><strong>09\/13 &#8211; 03\/15:<\/strong> Cafe Chocolat \/ Landshut (K\u00fcchenchef)<br><strong>05\/11 &#8211; 08\/13:<\/strong> Restaurant am Golfplatz\/Kirschweiler <br>                        (K\u00fcchenchef\/stellvertretender Gesch\u00e4ftsf\u00fchrer)<br>                        150 Sitzpl\u00e4tze Au\u00dfenbereich\/150 Sitzpl\u00e4tze Innen<br><strong>10\/09 &#8211; 04\/11:<\/strong> Parkhotel\/ Idar-Oberstein (K\u00fcchenchef\/HACCP-Beauftragter)<br><strong>10\/05 &#8211; 09\/09:<\/strong> Diamanthotel Handelshof \/ Idar-Oberstein (Selbstst\u00e4ndig)<br><strong>12\/03 &#8211; 09\/05:<\/strong> Golden Tulip Hotel Olymp \/ M\u00fcnchen-Eching (K\u00fcchenchef)<br><strong>05\/00 &#8211; 11\/03:<\/strong> Hotel-Gasthaus Ochsenwirt \/ Landshut (K\u00fcchenchef)<br><strong>07\/97 &#8211; 02\/00:<\/strong> Wirtshaus Zum Hofk\u00fccherl \/ M\u00fcnchen-Forstinning (Souschef)<br><strong>02\/97 &#8211; 06\/97:<\/strong> Hotel Cafe Rosenhof \/ Landshut (Souschef)<br><strong>12\/94 &#8211; 01\/97: <\/strong>Restaurant Blaue Stunde \/ Landshut (K\u00fcchenchef)<\/p>\n","protected":false},"excerpt":{"rendered":"<p>\u00dcber Stationen als K\u00fcchenchef in Landshut, M\u00fcnchen und Idar-Oberstein verschlug es mich zum Restaurant am Golfplatz in Kirschweiler, in dem ich als K\u00fcchenchef und stellvertretender Gesch\u00e4ftsf\u00fchrer besch\u00e4ftigt war. Danach war ich als K\u00fcchenchef im Cafe Chocolat in Landshut angestellt bevor ich ins Cafe &amp; Restaurant \u201eAm Schlossberg\u201c zuerst als K\u00fcchenchef [&hellip;]<\/p>\n","protected":false},"author":1,"featured_media":0,"parent":0,"menu_order":0,"comment_status":"closed","ping_status":"closed","template":"","meta":{"footnotes":""},"class_list":["post-55","page","type-page","status-publish","hentry"],"_links":{"self":[{"href":"https:\/\/2024-09-16.schlossberg-regenstauf.com\/index.php?rest_route=\/wp\/v2\/pages\/55","targetHints":{"allow":["GET"]}}],"collection":[{"href":"https:\/\/2024-09-16.schlossberg-regenstauf.com\/index.php?rest_route=\/wp\/v2\/pages"}],"about":[{"href":"https:\/\/2024-09-16.schlossberg-regenstauf.com\/index.php?rest_route=\/wp\/v2\/types\/page"}],"author":[{"embeddable":true,"href":"https:\/\/2024-09-16.schlossberg-regenstauf.com\/index.php?rest_route=\/wp\/v2\/users\/1"}],"replies":[{"embeddable":true,"href":"https:\/\/2024-09-16.schlossberg-regenstauf.com\/index.php?rest_route=%2Fwp%2Fv2%2Fcomments&post=55"}],"version-history":[{"count":15,"href":"https:\/\/2024-09-16.schlossberg-regenstauf.com\/index.php?rest_route=\/wp\/v2\/pages\/55\/revisions"}],"predecessor-version":[{"id":183,"href":"https:\/\/2024-09-16.schlossberg-regenstauf.com\/index.php?rest_route=\/wp\/v2\/pages\/55\/revisions\/183"}],"wp:attachment":[{"href":"https:\/\/2024-09-16.schlossberg-regenstauf.com\/index.php?rest_route=%2Fwp%2Fv2%2Fmedia&parent=55"}],"curies":[{"name":"wp","href":"https:\/\/api.w.org\/{rel}","templated":true}]}}